actor of 658 and 846.
94
What is the greatest common factor of 19 and 722893?
19
Calculate the highest common divisor of 5662 and 4085.
19
What is the greatest common factor of 39094 and 110?
22
What is the highest common factor of 18726 and 60?
6
Calculate the highest common factor of 16243 and 35559.
439
Calculate the highest common divisor of 315 and 112917.
21
Calculate the greatest common divisor of 621 and 90.
9
Calculate the greatest common factor of 2041 and 325.
13
Calculate the highest common divisor of 21920 and 1150.
10
What is the highest common divisor of 82088 and 496?
248
What is the highest common factor of 6481728 and 496?
496
Calculate the highest common divisor of 399 and 132981.
57
Calculate the highest common divisor of 14 and 8556.
2
What is the highest common divisor of 115 and 5417765?
115
Calculate the highest common divisor of 36 and 466794.
18
Calculate the greatest common factor of 3465 and 783.
9
What is the greatest common divisor of 120720 and 200?
40
What is the highest common factor of 48186 and 126?
18
Calculate the greatest common divisor of 10940 and 2140.
20
What is the highest common divisor of 220283 and 84?
7
Calculate the greatest common factor of 711376 and 3633.
173
Calculate the highest common divisor of 121 and 151371.
121
Calculate the highest common factor of 4301520 and 8.
8
What is the highest common divisor of 1480 and 488?
8
Calculate the greatest common divisor of 716630 and 15.
5
Calculate the highest common divisor of 22163 and 74.
37
What is the highest common factor of 307 and 112362?
307
Calculate the highest common divisor of 2584 and 37544.
152
Calculate the highest common factor of 6944 and 93.
31
What is the greatest common factor of 202635 and 81?
27
Calculate the greatest common factor of 54280 and 92.
92
Calculate the greatest common divisor of 2086 and 434.
14
Calculate the greatest common divisor of 167990 and 9202.
214
What is the greatest common divisor of 553615 and 10?
5
Calculate the highest common factor of 289365 and 65145.
1515
What is the greatest common divisor of 54528 and 4686?
426
Calculate the greatest common divisor of 22 and 1354.
2
Calculate the highest common factor of 112 and 56042.
14
What is the highest common factor of 214856 and 1284?
428
What is the greatest common divisor of 350 and 181475?
175
Calculate the greatest common divisor of 1265 and 5665.
55
Calculate the greatest common divisor of 24308 and 15871.
59
What is the highest common divisor of 556 and 7?
1
What is the highest common divisor of 30 and 7785?
15
What is the highest common factor of 3072 and 195744?
96
Calculate the greatest common factor of 14 and 13821.
1
Calculate the highest common divisor of 425565 and 840.
105
What is the greatest common factor of 122607 and 108?
27
What is the greatest common factor of 18774 and 3486?
42
What is the highest common factor of 893606 and 58?
58
Calculate the greatest common factor of 393 and 247983.
393
What is the highest common divisor of 30 and 33294?
6
Calculate the highest common divisor of 320 and 584.
8
What is the greatest common factor of 228 and 492?
12
Calculate the highest common divisor of 1998 and 158582.
74
Calculate the greatest common divisor of 137417 and 67.
67
What is the greatest common divisor of 12 and 25868?
4
What is the highest common divisor of 561 and 303314?
187
What is the greatest common factor of 384328 and 56?
56
What is the highest common factor of 582 and 18236?
194
What is the highest common factor of 417648 and 264?
264
Calculate the highest common divisor of 7 and 2085377.
7
Calculate the greatest common divisor of 202 and 13231.
101
What is the greatest common factor of 2342392 and 223?
223
What is the greatest common factor of 10927 and 5129?
223
What is the highest common divisor of 455540 and 220?
20
Calculate the greatest common factor of 42 and 3642387.
21
Calculate the highest common divisor of 6 and 49947.
3
What is the greatest common factor of 973898 and 2?
2
What is the highest common divisor of 372561 and 904?
113
What is the highest common divisor of 57159 and 45?
9
What is the greatest common factor of 25750 and 7750?
250
What is the highest common divisor of 399 and 1691?
19
Calculate the highest common divisor of 233264 and 48.
16
Calculate the highest common divisor of 631684 and 632.
316
What is the highest common divisor of 379368 and 1584?
792
What is the highest common factor of 199850 and 75?
25
Calculate the greatest common divisor of 128180 and 5220.
580
What is the greatest common divisor of 114958 and 458?
458
Calculate the highest common divisor of 1 and 26683.
1
Calculate the highest common factor of 4653 and 1683.
99
What is the greatest common factor of 139 and 110644?
139
Calculate the greatest common divisor of 17370 and 5.
5
Calculate the greatest common divisor of 6205278 and 822.
822
What is the highest common divisor of 10578 and 902?
82
Calculate the greatest common factor of 1408 and 4532.
44
Calculate the greatest common divisor of 1522347 and 345.
69
Calculate the highest common divisor of 1067994 and 18.
18
Calculate the greatest common factor of 182470 and 14200.
710
What is the greatest common factor of 25 and 197675?
25
Calculate the highest common divisor of 75 and 1012325.
25
Calculate the greatest common divisor of 5397 and 756.
21
What is the highest common divisor of 10038 and 531297?
717
Calculate the greatest common factor of 3527710 and 10.
10
Calculate the greatest common factor of 2806 and 1098.
122
What is the greatest common divisor of 38367 and 63?
63
Calculate the greatest common divisor of 186 and 9610.
62
What is the greatest common factor of 55771 and 43?
43
What is the highest common factor of 170335 and 4180?
1045
Calculate the greatest common divisor of 28658 and 28.
14
What is the greatest common factor of 63 and 47691?
63
What is the highest common divisor of 68565 and 135?
15
What is the greatest common factor of 9 and 346491?
9
Calculate the highest common divisor of 340 and 3860.
20
What is the greatest common divisor of 46606 and 2282?
14
What is the highest common divisor of 31 and 683209?
31
Calculate the highest common factor of 455919 and 249.
249
What is the greatest common divisor of 14 and 1106?
14
What is the greatest common factor of 108 and 2241?
27
Calculate the greatest common factor of 2934834 and 42.
42
Calculate the highest common divisor of 30 and 1287270.
30
Calculate the highest common divisor of 24 and 34608.
24
What is the highest common divisor of 24991 and 134?
67
Calculate the greatest common factor of 33174 and 2394.
342
Calculate the greatest common divisor of 145875 and 2375.
125
Calculate the highest common factor of 1140 and 810.
30
Calculate the greatest common factor of 88331 and 589.
19
What is the highest common divisor of 2921 and 936371?
127
Calculate the greatest common factor of 33123 and 52521.
183
Calculate the greatest common factor of 670106 and 51.
17
Calculate the greatest common factor of 254 and 2518791.
127
Calculate the greatest common divisor of 1617 and 8778.
231
What is the greatest common divisor of 59488 and 2080?
416
What is the greatest common factor of 56567 and 7?
7
What is the highest common divisor of 348 and 445266?
174
Calculate the greatest common factor of 600 and 102585.
15
What is the highest common factor of 244714 and 62?
62
Calculate the greatest common factor of 34872 and 48.
24
What is the greatest common factor of 11396 and 4928?
308
What is the highest common factor of 278 and 19155868?
278
Calculate the highest common factor of 22 and 187231.
11
Calculate the highest common factor of 545244 and 16.
4
What is the greatest common divisor of 304 and 886768?
304
What is the highest common factor of 11384 and 200?
8
What is the greatest common divisor of 985388 and 4?
4
What is the highest common divisor of 468 and 135252?
468
What is the greatest common factor of 39063 and 464?
29
What is the greatest common factor of 377 and 1280669?
377
Calculate the highest common factor of 20 and 3016.
4
What is the highest common factor of 8690 and 1185?
395
Calculate the greatest common factor of 281340 and 12.
12
What is the highest common factor of 2552 and 17545?
319
Calculate t